hat is the units digit of y(3)?
6
Suppose 2*c - 163 = p - 2*c, 3*p - 5*c + 468 = 0. Let i = 283 + p. What is the hundreds digit of i?
1
Let q be ((-243)/(-15))/3 + 2/(-5). Let c(w) = 23*w - 66. What is the tens digit of c(q)?
4
Suppose 6*i - 4*i = 288. Let y be i/(-2) + -2 + 2. Let k = y + 130. What is the tens digit of k?
5
Suppose -58367 = -5*l - 3*f, 24*l - 2*f - 11676 = 23*l. What is the tens digit of l?
7
Let g = 68 + -31. Let r = -41 + g. What is the tens digit of 2 + r + 89/1?
8
Let j = 124 - 103. Let o = 29 - j. Suppose o*g + 0*g = 200. What is the units digit of g?
5
Let z = 8657 + 2954. What is the thousands digit of z?
1
Suppose 9*o - 324 = -0*o. Suppose 12 = -8*n + o. Suppose j - 459 = -3*j + 5*s, -n*s = -3. What is the hundreds digit of j?
1
Suppose -8*y + 25 = -7. Suppose -y*q = -2*q + a - 217, -3*q - 4*a = -328. Suppose 2*r - j + q - 448 = 0, 2*j = -r + 160. What is the hundreds digit of r?
1
Let y = 11775 - 8551. What is the units digit of y?
4
What is the thousands digit of ((-9576)/(-420))/((-4)/(-950))?
5
Suppose 0 = 5*j - 4*w - 2991, -2*w - 16 = 2*w. Let c = j + -84. What is the hundreds digit of c?
5
Let c(o) = 3*o**2 + 83*o + 1816. What is the tens digit of c(-38)?
9
Let q be (-2696)/52 - 14/91. Let x be (-2)/5 + 54/10. Let j = x - q. What is the tens digit of j?
5
Suppose -24*p = -23*p - 3627. Suppose -p = -5*c + l, 5*l = -c - 3*c + 2890. What is the tens digit of c?
2
Suppose 7*u - 157 = 172. Let l = 46 - u. What is the units digit of -2*(l - (-3)/6) + 83?
4
Let p be (-340)/(-25) - 4/(-10). Let z be 88/(-3)*(-84)/p. Suppose 0 = 2*s - z + 50. What is the units digit of s?
3
Suppose 637978 = -5687*b + 5734*b. What is the tens digit of b?
7
Let m = -30 + -15. Let n be (8 - m/(-10))*(-1 - -3). Suppose -26*o + 589 = -n*o. What is the tens digit of o?
3
Let w(k) = k**3 - 7*k**2 + 4*k + 14. Let g be w(6). What is the hundreds digit of ((-68)/17)/(g + -1) + 476?
4
Suppose -3*u + 10 = v - 2*v, 5*u - 18 = v. Suppose 8 = 4*i, v*d + 6*i - i = 3596. What is the thousands digit of d?
1
What is the units digit of (1 - -31)*(-17552)/(-32)?
2
Let n = 29 + -6. Suppose 4*r + 4*c - 17 = -c, 0 = r + 5*c - n. What is the tens digit of (r - (0 - 4)) + 38?
4
Let t = 477 - -414. Suppose 4*z + 5*z = t. Suppose 0 = -c + 2*l + z, 0 = 4*c + l - 212 - 148. What is the units digit of c?
1
Let l(f) = -3*f**2 - 7*f - 2. Let o be l(-5). Let z = -38 - o. Suppose 320 = -0*b + z*b. What is the tens digit of b?
8
Suppose 4*d + 467*x = 465*x + 102958, 4*d + 5*x = 102961. What is the thousands digit of d?
5
Let f(a) = a**2 - 14*a - 13. Let m be f(15). Suppose 0*y = -m*y + 14. Suppose y*j - 64 = -15. What is the units digit of j?
7
Suppose 0 = 32*j - 31229 - 204707. What is the units digit of j?
3
Let o = 315 - 285. Let i = 481 - o. What is the units digit of i?
1
Suppose -5*t = 4*g + 49, -15*t + 10*t = -4*g + 1. What is the units digit of 1/((-9)/g) + (-21480)/(-45)?
8
What is the thousands digit of (-81 + -11)*(-7 + 0)*(-522)/(-21)?
6
Suppose 3645 = -10*h + 25*h. Let d be (-125)/(2 - (4 - 1)). Let k = h - d. What is the units digit of k?
8
Let p be ((-30)/(-25))/((-3)/10). Let o be -1*(-2 - p - 1). Let s(c) = -75*c**3 - 3*c - 2. What is the units digit of s(o)?
6
Suppose 3*l + 2*c - 1372 = c, -2*l + 908 = 4*c. Let v = l - 188. Let m = -169 + v. What is the units digit of m?
1
Let t(o) = -o**2 - 4*o + 29. Let v be (13 + -13)*(-1)/(-2)*-1. What is the tens digit of t(v)?
2
Let o = 29 - 29. Suppose o = 49*y - 51*y + 504. What is the hundreds digit of y?
2
Let o = -554 - -608. What is the tens digit of (o/(-12))/(((-6)/848)/1)?
3
Let y be (42/(-9))/((-10)/6 - -1). Suppose y*g - 104 = -6*g. Suppose -g*x = -11*x + 219. What is the tens digit of x?
7
Suppose 0 = -193*j + 188*j + 970. Suppose -5*c - 524 = -44. Let a = c + j. What is the units digit of a?
8
Let a(p) be the first derivative of -p**2/2 - 17. Let g(l) = -3*l**2 + 17*l - 9. Let r(z) = -6*a(z) - g(z). What is the units digit of r(4)?
3
Let m = -61169 - -86311. What is the thousands digit of m?
5
What is the thousands digit of (-2)/((56/36)/7) + (65994 - 90)?
5
Suppose 14*v = -14*v - 18*v + 488566. What is the tens digit of v?
2
Suppose 1297 = -2*c + b, b - 2320 = 3*c - 372. Let t = c - -1028. What is the units digit of t?
7
Suppose -65*u - 14495976 = -281*u. What is the tens digit of u?
1
What is the ten thousands digit of -3 + 19620 + -1 + 6?
1
Suppose -37 - 818 = 3*r. Let m = r - -647. What is the units digit of m?
2
Suppose -u + b = -75643 - 633, -5*u - 4*b = -381380. What is the hundreds digit of u?
2
Suppose -182*f + 199*f = 18836. What is the units digit of f?
8
Let i(y) = -12*y**2 - 4*y - 6. Let r be i(-4). Let o = r - -449. Let t = -160 + o. What is the tens digit of t?
0
Let d = 16472 - 8636. What is the thousands digit of d?
7
What is the ten thousands digit of ((-3834)/(-142))/(2 - (-10202)/(-5102))?
6
Let m be (-6 - (-135)/10)/(3/4). Let z(c) = c - 2. Let v be z(m). What is the tens digit of (3 + (v - 3))*2?
1
Let l(g) = -g**2 - 12*g - 15. Let w be l(-10). Let b be -9 + w - 21/(-2)*2. Let d(p) = -p**3 + 17*p**2 + 6*p. What is the units digit of d(b)?
2
Let s(j) = 845*j**3 - 2*j**2 + j + 2. Suppose 23 = x - 4*y + 2, 0 = y + 5. What is the hundreds digit of s(x)?
8
What is the units digit of (1524/336 + 8/(-28))*1868?
9
Let q(w) = -124*w + 623. Let o be q(5). Suppose 0*j + j = 3*t - 74, -241 = 4*j - t. What is the tens digit of 6/(-9)*j/2*o?
5
Let z(t) = -2*t**3 + 13*t**2 - 3*t + 14. Let c be (-4)/(2*1)*(-11)/22. Let a = 7 - c. What is the tens digit of z(a)?
3
Let d be 2 - (0 - 0) - -28. Suppose -4*p + 5*z + 26 = 0, -z - 4*z = -5*p + d. Suppose -p*f + 112 + 112 = 0. What is the units digit of f?
6
Let d(m) = -2034*m - 3. Let l be d(-7). Suppose 2295 = 38*h - l. What is the tens digit of h?
3
Suppose v = -f + 110, -1 + 2 = -v. Suppose 1 = l - 2*t, 4*l - 32 = -2*t + 12. What is the units digit of (f/l)/((-6)/(-18))?
7
Suppose 10*v - 58315 - 19377 = 52908. What is the hundreds digit of v?
0
Let r = -262 + 267. Suppose -3*i - 321 = h - 2*h, -r*i - 1277 = -4*h. What is the hundreds digit of h?
3
Suppose 4*o = 131 + 357. Suppose -25 = -7*q + o. Let i(t) = -t + 47. What is the tens digit of i(q)?
2
Let y(o) = -o**3 + 11*o**2 + 40*o + 15. What is the tens digit of y(-10)?
1
Let d be (-12)/(-12) - (-2 - 1405). Suppose 5*s - d = 3*s + 2*p, -3532 = -5*s + p. What is the tens digit of s?
0
Suppose -t + 13290 + 9733 = -u, 0 = 4*t - 2*u - 92102. What is the ten thousands digit of t?
2
Suppose -17*r = -14*r + 2*p + 636, 2*r - 4*p = -408. Let n = 1271 + r. What is the tens digit of n?
6
Suppose -4*v = v - 5. Let n be (5 - -1)*(2 + v + -2). Suppose 134 = n*j - 856. What is the units digit of j?
5
What is the hundreds digit of -1 + 5/7 + (-537616)/(-56)?
6
Let n(x) = 87 + 79 - 257 + 86 - 144*x. What is the hundreds digit of n(-1)?
1
Let o = 151 - 145. What is the hundreds digit of -118*2/(-2)*o/3?
2
Let h be 5199/(-21) - (-3 + (-72)/(-21)). What is the units digit of h/(-10)*(-245)/(-14) + 2?
6
Let m = -502 + 505. Suppose -m*t + 323 = -g - 1383, 2*t + 4*g = 1114. What is the hundreds digit of t?
5
Suppose 5*i + 42 = -13. Let o(h) = -10*h + 25. Let k(w) = w - 2. Let s(z) = -15*k(z) - o(z). What is the tens digit of s(i)?
6
Suppose -4*l + 3*g = 193, 5*l + 247 = g - 3*g. Suppose -30*w + 65 = -29*w + 4*b, 5*w + 2*b = 325. Let h = w + l. What is the units digit of h?
6
Let x = 151 + -135. What is the units digit of 2/x*-2 - (-1658)/8?
7
Suppose -3243 = 53*x - 50*x. Let y = x - -1840. What is the units digit of y?
9
Suppose -3*d + 2*d + 178 = 0. Let o = d - 94. What is the tens digit of o?
8
Let j = -3558 - -12366. What is the tens digit of j?
0
Let l = -4474 - -7864. What is the thousands digit of l?
3
Let f(o) be the first derivative of o**4/4 - 13*o**3/3 - o**2 + 51*o - 225. What is the tens digit of f(15)?
7
What is the units digit of -59*(-53982)/126 + (-2)/7?
7
Let n = 571 - 557. Let f(o) = o**3 - 11*o**2 - 9*o + 29. What is the units digit of f(n)?
1
What is the units digit of 8424 + 2 - (-2506)/(-537)*(-6)/(-4)?
9
Suppose 7*r = 48 + 477. Let o(u) = u**3 - 20*u**2 + 19*u - 35. Let b be o(19). Let m = r + b. What is the tens digit of m?
4
Let i(x) = 1617*x**2 + 26*x - 32. What is the hundreds digit of i(4)?